?
3
Let g(l) = -10*l**3 + 288*l**2 + 62*l + 22. Calculate the remainder when 384 is divided by g(29).
108
Let u(f) = 12*f**3 + 2*f**2 + 3*f - 12. What is the remainder when u(6) is divided by 243?
240
Let g = -14916 - -15250. What is the remainder when g is divided by 24?
22
Let r be 2/3 - (-17)/(-3). Let h = r - -10. Suppose -z + 18 = -2*d, -2*z = 3*d + 62 - 98. What is the remainder when z is divided by h?
3
Let p = 15701 - 15635. What is the remainder when 516 is divided by p?
54
Suppose -k + 0 + 47 = 0. Let y be 1 - (-60)/50*230/(-3). Let q = -66 - y. Calculate the remainder when k is divided by q.
22
Let f = 166 + -35. Let n = 1897 + -1852. Calculate the remainder when f is divided by n.
41
Let x(a) = 24*a + 157. Let z be x(5). Let j = 279 - z. What is the remainder when j is divided by 2?
0
Let o(v) = -9*v**2 + 64*v + 17. What is the remainder when 988 is divided by o(5)?
92
Suppose -49*o = -34*o. What is the remainder when o + 2 - (1 + (-22 - 3)) is divided by 21?
5
Calculate the remainder when -306*(-4)/((-24)/(-9)) is divided by 11.
8
Let i(p) = 48*p + 28. Let u(h) = -51*h - 28. Let f(w) = -3*i(w) - 4*u(w). Calculate the remainder when f(1) is divided by 0 + (-2)/2 - -16.
13
Suppose 0 = -2*q + 1779 - 359. What is the remainder when (q/10)/(-2 + (3 - 0)) is divided by 6?
5
Let w(s) = 5*s + 696. What is the remainder when w(17) is divided by 157?
153
Suppose 4*o + 2*z = 14, -4*z + z = -3*o - 3. Suppose -3*y + o*h = y - 160, 0 = -2*h + 8. Let d = -8903 + 8915. Calculate the remainder when y is divided by d.
6
Let j = -91 - -110. Suppose j*f - 243 = 16*f. What is the remainder when f is divided by 21?
18
Suppose 0 = 2*m - 5*w + 24, 5*m - 138 = -2*w - 24. What is the remainder when (-4)/14 + 611/7 is divided by m?
15
Suppose 5*j = 2*z - 34, -4*j = -z - 25 + 48. What is the remainder when 198 is divided by z?
2
Suppose 273*g - 118928 = 110557 - 77697. Calculate the remainder when g is divided by 6.
4
Let h(a) = -a**3 + 3*a - 2. Let j(p) = -5405*p - 16210. Calculate the remainder when h(-3) is divided by j(-3).
1
Let h(m) = 5*m**2 + 341*m + 74. What is the remainder when 367 is divided by h(-69)?
17
Let f be (6/(-4))/((-3)/(-4)). What is the remainder when f*(3 + 101/(-2)) is divided by 21 + 8/6 + 40/15?
20
What is the remainder when 358 is divided by (-1176)/(-10) + 184/10 + -18?
4
Let r(l) = l**2 + l - 32. Let b be r(14). Let d = b + -126. Suppose 0 = -6*q + 8 + d. Calculate the remainder when 37 is divided by q.
7
Suppose h - 4*p = -24 + 192, -h = -p - 174. Suppose 171*b - 6299 + 1853 = 0. What is the remainder when h is divided by b?
20
Let s = 332 - 265. Calculate the remainder when s is divided by 15.
7
Suppose -o + 5*t = -108, -t - 708 = -35*o + 27*o. Calculate the remainder when 683 is divided by o.
67
Suppose -3318 = -1189*v + 1168*v. What is the remainder when 2366 is divided by v?
154
Let g(o) be the second derivative of o**4/12 + 3*o**3/2 - 3*o**2 + 10*o + 5. What is the remainder when g(-15) is divided by 15?
9
Suppose 185*p - 157*p = 2912. Calculate the remainder when 319 is divided by p.
7
Let z(a) = a**2 + 24*a - 3. Let t be z(-24). Calculate the remainder when t + -6 + 4 - -172 is divided by 14.
13
Let c(x) = -x**3 - 5*x**2 - 7*x - 45. Let g(b) = 5*b + 7. Calculate the remainder when c(-7) is divided by g(3).
14
Suppose -73*h + 70*h = -327. Suppose -985 + 105 = -16*q. What is the remainder when h is divided by q?
54
Suppose -3*b + 596 = 98. Let j = 246 - 232. Suppose -c + 10 = -4*p - j, 2*p = 2*c - 48. What is the remainder when b is divided by c?
22
Suppose 175*o = 1237728 + 2347920 - 453498. What is the remainder when o is divided by 179?
177
Calculate the remainder when 1208 is divided by (-14)/(-1)*50/100 + 16/4.
9
Let o(w) = -5*w + 2. Let p(g) = 268*g**2 - g + 2. Let z be p(1). Suppose z = 11*n + 49. Calculate the remainder when n is divided by o(-2).
8
Let w = -5633 - -5841. What is the remainder when w is divided by 50?
8
Let m be (-11480)/(-525) - (24/45)/(-4). Suppose m = 12*y - 50. Calculate the remainder when 51 is divided by y.
3
Calculate the remainder when 18 is divided by (-14)/(-63) + 127/9 + 1/(-3).
4
Let r(g) = -137*g + 1594. Calculate the remainder when 220 is divided by r(11).
46
Let f(k) = -209*k - 6016. Calculate the remainder when 22452 is divided by f(-29).
42
Suppose 0 = -208*q + 13644 + 683 - 1015. What is the remainder when 204 is divided by q?
12
Suppose 55*c = 73*c + 18. Let t = 13 - 5. Calculate the remainder when 55 is divided by c/(-1)*t + -1 + 1.
7
Let z = 3 + -3. Suppose 17 = 4*k - 67. Let r = k - z. Calculate the remainder when 121 is divided by r.
16
Suppose 3*t - 8*t - 937 = -4*z, 0 = 2*z - 5*t - 461. What is the remainder when z is divided by 34?
0
Suppose 3*f - 144 = -4*n, -16*f - n + 101 = -14*f. What is the remainder when 170 is divided by f?
14
Let j(c) = 2*c**3 - 16*c**2 + 3*c + 755. Calculate the remainder when j(0) is divided by 58.
1
Let v = -2966 + 3065. What is the remainder when 331 is divided by v?
34
Let n(l) = l - 1. Let k(z) = 22*z - 46. Let t(v) = -k(v) - 3*n(v). Calculate the remainder when t(-7) is divided by 38.
34
Suppose -30*j = -2460 + 2220. Calculate the remainder when 8446 is divided by j.
6
Suppose 141*h - 70760 + 7733 = 0. What is the remainder when h is divided by 51?
39
Suppose 2*o - 7*o - a - 43 = 0, 3*a + 3 = -o. What is the remainder when 3 is divided by -7 + (-5 - o - -4)?
0
Suppose 4*c + 32*v - 27*v - 7443 = 0, 0 = -2*c + 5*v + 3669. Calculate the remainder when c is divided by 614.
10
Suppose -15792 = -505*m + 12993. Let i = 286 + -90. What is the remainder when i is divided by m?
25
Let s(i) = 6*i + 317. What is the remainder when 757 is divided by s(-10)?
243
Let a be (-1)/(-9) + 371/63. Calculate the remainder when (-3528)/(-54) - (2 + (-22)/a) is divided by 24.
19
Let f be 18/(-12)*(-100)/30. Suppose -4*v - 5*n = -2*n - 3, f*v + 3*n - 6 = 0. Calculate the remainder when 5 is divided by v.
2
Let a(h) = h**3 - 46*h**2 + 50*h - 212. Let m(u) = -u**3 - 9*u**2 + 4*u - 15. Let b be m(-10). What is the remainder when 60 is divided by a(b)?
8
Suppose 58*i - 46*i - 108 = 0. Calculate the remainder when 3652 is divided by i.
7
Suppose 4*j = 9*j - 935. Suppose -5*d = -s - 52, -2*d - 5*s + 3*s = -28. Suppose d*m = 8*m + 81. Calculate the remainder when j is divided by m.
25
Suppose 104*q - 1859 = 533. What is the remainder when 1990 is divided by q?
12
Suppose 155 = z - 90*a + 88*a, 761 = 5*z + 4*a. Calculate the remainder when 3363 is divided by z.
150
Let c(o) = 103*o**2 + 93*o - 2. Calculate the remainder when 351 is divided by c(-1).
7
Suppose -x + 651 = 3*x + 5*s, 2*x - 343 = -5*s. What is the remainder when x is divided by 11?
0
Calculate the remainder when (-1)/7*-2*(-363195)/(-90) is divided by 265.
93
Let k(i) = i**3 + 38*i**2 + 31*i - 161. What is the remainder when k(-37) is divided by 9?
7
Suppose -3*t + 2*o + 2019 = 0, 4*t = -41*o + 44*o + 2694. What is the remainder when t is divided by (7 - -1)/((-2)/(-28))?
109
Suppose 4*z - 17*b + 16*b - 433 = 0, 3*z - b = 324. What is the remainder when z is divided by 58?
51
Let x = 1792 + -6488. Calculate the remainder when 2 + x/(-24) + (-1)/(-3) is divided by 41.
34
Suppose -3*p = 4*n + 14 - 89, 0 = n - 3*p. Suppose -260 = n*k - 875. What is the remainder when k is divided by 4?
1
Suppose 5*d = 3*d + 10. Suppose -3*c - 7 = -s + 30, -d*c = -s + 33. What is the remainder when s is divided by (35/3 + -6)/((-2)/(-6))?
9
Suppose -9*k - 482 + 635 = 0. Calculate the remainder when k is divided by 17.
0
Suppose -314 = 65*j - 1744. What is the remainder when 864 is divided by j?
6
Suppose 5*m + 7 = n + 422, -4*n - 83 = -m. Let b(c) = c + 17. Calculate the remainder when m is divided by b(0).
15
Calculate the remainder when 473 is divided by (16/(-3))/((-343)/168 + 2).
89
Let v(x) = 2*x**3 + 6*x**2 - 9*x - 23. Calculate the remainder when v(4) is divided by 12.
9
Let h = 33 - 12. Let i = 434 + -233. Let o = -192 + i. Calculate the remainder when h is divided by o.
3
Let a be 8 + 6/(2 - 4). Suppose a*z = 95 + 15. What is the remainder when 109 is divided by z?
21
Suppose 2*s + 4*v + 4 + 10 = 0, 0 = 2*s - 3*v + 35. Let t(h) = h**2 + 8*h + 44. What is the remainder when t(s) is divided by 16?
13
Suppose -m = 3*m - 